{"id":3308,"date":"2024-06-30T10:54:50","date_gmt":"2024-06-30T08:54:50","guid":{"rendered":"https:\/\/eveildutemps.fr\/?page_id=3308"},"modified":"2024-06-30T11:11:56","modified_gmt":"2024-06-30T09:11:56","slug":"magnetisme-grenoble-2","status":"publish","type":"page","link":"https:\/\/eveildutemps.fr\/index.php\/magnetisme-grenoble-2\/","title":{"rendered":"Magnetisme"},"content":{"rendered":"\t\t<div data-elementor-type=\"wp-page\" data-elementor-id=\"3308\" class=\"elementor elementor-3308\">\n\t\t\t\t\t\t<section class=\"elementor-section elementor-top-section elementor-element elementor-element-6e743b77 elementor-section-full_width elementor-section-height-default elementor-section-height-default\" data-id=\"6e743b77\" data-element_type=\"section\" data-e-type=\"section\" id=\"service1\">\n\t\t\t\t\t\t<div class=\"elementor-container elementor-column-gap-default\">\n\t\t\t\t\t<div class=\"elementor-column elementor-col-100 elementor-top-column elementor-element elementor-element-2998d85f\" data-id=\"2998d85f\" data-element_type=\"column\" data-e-type=\"column\">\n\t\t\t<div class=\"elementor-widget-wrap elementor-element-populated\">\n\t\t\t\t\t\t<div class=\"elementor-element elementor-element-1036f841 elementor-widget elementor-widget-heading\" data-id=\"1036f841\" data-element_type=\"widget\" data-e-type=\"widget\" data-widget_type=\"heading.default\">\n\t\t\t\t<div class=\"elementor-widget-container\">\n\t\t\t\t\t<h1 class=\"elementor-heading-title elementor-size-default\">S\u00e9ances de Magn\u00e9tisme et Soins \u00c9nerg\u00e9tiques<br>\nGrenoble Echirolles<\/h1>\t\t\t\t<\/div>\n\t\t\t\t<\/div>\n\t\t\t\t\t<\/div>\n\t\t<\/div>\n\t\t\t\t\t<\/div>\n\t\t<\/section>\n\t\t\t\t<section class=\"elementor-section elementor-top-section elementor-element elementor-element-1de37e2e elementor-section-boxed elementor-section-height-default elementor-section-height-default\" data-id=\"1de37e2e\" data-element_type=\"section\" data-e-type=\"section\">\n\t\t\t\t\t\t<div class=\"elementor-container elementor-column-gap-default\">\n\t\t\t\t\t<div class=\"elementor-column elementor-col-100 elementor-top-column elementor-element elementor-element-72c2b943\" data-id=\"72c2b943\" data-element_type=\"column\" data-e-type=\"column\" data-settings=\"{&quot;background_background&quot;:&quot;classic&quot;}\">\n\t\t\t<div class=\"elementor-widget-wrap elementor-element-populated\">\n\t\t\t\t\t\t<div class=\"elementor-element elementor-element-fba1dd9 elementor-widget elementor-widget-image\" data-id=\"fba1dd9\" data-element_type=\"widget\" data-e-type=\"widget\" data-widget_type=\"image.default\">\n\t\t\t\t<div class=\"elementor-widget-container\">\n\t\t\t\t\t\t\t\t\t\t\t\t\t\t\t<img fetchpriority=\"high\" decoding=\"async\" width=\"512\" height=\"1024\" src=\"https:\/\/i0.wp.com\/eveildutemps.fr\/wp-content\/uploads\/2024\/06\/fond-pierre-zen-minimaliste-scaled.jpg?fit=512%2C1024&amp;ssl=1\" class=\"attachment-large size-large wp-image-3235\" alt=\"S\u00e9ance individuelle magnetisme en ligne ou pr\u00e9sentiel\" srcset=\"https:\/\/i0.wp.com\/eveildutemps.fr\/wp-content\/uploads\/2024\/06\/fond-pierre-zen-minimaliste-scaled.jpg?w=1280&amp;ssl=1 1280w, https:\/\/i0.wp.com\/eveildutemps.fr\/wp-content\/uploads\/2024\/06\/fond-pierre-zen-minimaliste-scaled.jpg?resize=150%2C300&amp;ssl=1 150w, https:\/\/i0.wp.com\/eveildutemps.fr\/wp-content\/uploads\/2024\/06\/fond-pierre-zen-minimaliste-scaled.jpg?resize=512%2C1024&amp;ssl=1 512w, https:\/\/i0.wp.com\/eveildutemps.fr\/wp-content\/uploads\/2024\/06\/fond-pierre-zen-minimaliste-scaled.jpg?resize=768%2C1536&amp;ssl=1 768w, https:\/\/i0.wp.com\/eveildutemps.fr\/wp-content\/uploads\/2024\/06\/fond-pierre-zen-minimaliste-scaled.jpg?resize=1024%2C2048&amp;ssl=1 1024w\" sizes=\"(max-width: 512px) 100vw, 512px\" \/>\t\t\t\t\t\t\t\t\t\t\t\t\t\t\t<\/div>\n\t\t\t\t<\/div>\n\t\t\t\t<div class=\"elementor-element elementor-element-75620e3d elementor-widget elementor-widget-text-editor\" data-id=\"75620e3d\" data-element_type=\"widget\" data-e-type=\"widget\" data-widget_type=\"text-editor.default\">\n\t\t\t\t<div class=\"elementor-widget-container\">\n\t\t\t\t\t\t\t\t\t<h3><b><span style=\"color: var( --e-global-color-c97dd66 ); font-size: 18px; word-spacing: 0em; background-color: var( --e-global-color-text );\">Qu\u2019est-ce que c\u2019est ?<\/span><br \/><\/b><\/h3><p>Les s\u00e9ances de magn\u00e9tisme et de soins \u00e9nerg\u00e9tiques visent \u00e0 harmoniser vos chakras et \u00e0 am\u00e9liorer la circulation de votre \u00e9nergie vitale.<\/p><p>\u00a0<\/p><p><strong>D\u00e9roulement d&rsquo;une s\u00e9ance :<\/strong><\/p><p><b>Entretien Initial :\u00a0<\/b><\/p><p>Nous commen\u00e7ons par un moment d&rsquo;\u00e9change pour comprendre vos besoins sp\u00e9cifiques<b>.<\/b><\/p><p><b>\u00a0<\/b><\/p><p><b>Pr\u00e9paration :\u00a0<\/b><\/p><p>Un soin g\u00e9n\u00e9ral pour r\u00e9\u00e9quilibrer vos \u00e9nergies.<\/p><p>\u00a0<\/p><p><b>Intervention Sp\u00e9cifique :\u00a0<\/b><\/p><p>Travail cibl\u00e9 sur les chakras ou zones que vous avez mentionn\u00e9es.\u00a0<\/p><p>Les mains sont pass\u00e9es au-dessus de votre corps \u00e9nerg\u00e9tique ou parfois pos\u00e9es sur vous.<\/p><p><img decoding=\"async\" data-recalc-dims=\"1\" style=\"color: var( --e-global-color-c97dd66 ); font-size: 18px; font-weight: 600; word-spacing: 0em; background-color: var( --e-global-color-text );\" src=\"https:\/\/eveildutemps.files.wordpress.com\/2020\/01\/1.jpg?resize=113%2C113\" sizes=\"(max-width: 113px) 100vw, 113px\" srcset=\"https:\/\/eveildutemps.files.wordpress.com\/2020\/01\/1.jpg?w=113&amp;h=113 113w, https:\/\/eveildutemps.files.wordpress.com\/2020\/01\/1.jpg?w=150&amp;h=150 150w, https:\/\/eveildutemps.files.wordpress.com\/2020\/01\/1.jpg 225w\" alt=\"1\" width=\"113\" height=\"113\" data-attachment-id=\"312\" data-permalink=\"https:\/\/eveildutemps.wordpress.com\/home\/1-3\/\" data-orig-file=\"https:\/\/eveildutemps.files.wordpress.com\/2020\/01\/1.jpg\" data-orig-size=\"225,225\" data-comments-opened=\"1\" data-image-meta=\"{&quot;aperture&quot;:&quot;0&quot;,&quot;credit&quot;:&quot;&quot;,&quot;camera&quot;:&quot;&quot;,&quot;caption&quot;:&quot;&quot;,&quot;created_timestamp&quot;:&quot;0&quot;,&quot;copyright&quot;:&quot;&quot;,&quot;focal_length&quot;:&quot;0&quot;,&quot;iso&quot;:&quot;0&quot;,&quot;shutter_speed&quot;:&quot;0&quot;,&quot;title&quot;:&quot;&quot;,&quot;orientation&quot;:&quot;0&quot;}\" data-image-title=\"1\" data-image-description=\"\" data-image-caption=\"\" data-medium-file=\"https:\/\/eveildutemps.files.wordpress.com\/2020\/01\/1.jpg?w=225\" data-large-file=\"https:\/\/eveildutemps.files.wordpress.com\/2020\/01\/1.jpg?w=225\" \/><\/p><p><strong>Techniques Utilis\u00e9es :<\/strong><\/p><p><b>Magn\u00e9tisme :\u00a0<\/b>sur les chakras et les douleurs<\/p><p><b>LaHoChi : <\/b>Pratique \u00e9nerg\u00e9tique par imposition des mains sur des points sp\u00e9cifiques du corps.<b>\u00a0<\/b><\/p><p><b>Pour plus d&rsquo;infos : LaHoChi.<\/b><\/p><p><b>\u00a0<\/b><\/p><p>Ces s\u00e9ances favorisent l&rsquo;harmonisation des chakras et facilitent la circulation \u00e9nerg\u00e9tique.\u00a0<\/p><p>\u00a0<\/p><p>Cela aide \u00e0 transformer des blocages et am\u00e9liorer votre bien-\u00eatre physique et \u00e9motionnel.<\/p><p><strong>\u00a0<\/strong><\/p><p><strong>Effets d&rsquo;une s\u00e9ance :<\/strong><\/p><p>Les participants rapportent souvent des sensations telles que :<\/p><p><b>Bien-\u00eatre g\u00e9n\u00e9ral<\/b><\/p><p><b>Regain d\u2019\u00e9nergie<\/b><\/p><p><b>(Re)connexion \u00e0 une source d\u2019\u00e9nergie<\/b><\/p><p><b>Expansion et confiance en soi<\/b><\/p><p><b>Transformation de difficult\u00e9s ou souffrances<\/b><\/p><p><b>All\u00e9gement<\/b><\/p><p><b>Disparition de sympt\u00f4mes physiques non r\u00e9solus par des moyens m\u00e9dicaux<\/b><\/p><p><b>Chaque s\u00e9ance est unique et adapt\u00e9e \u00e0 vos besoins.<\/b><\/p><p><b>\u00a0<\/b><\/p><p><strong>D\u00e9roulement pratique :<\/strong><\/p><p>Vous \u00eates allong\u00e9(e) sur une table de soins.<\/p><p>Mes mains passent au-dessus de votre corps ou sont pos\u00e9es pour harmoniser vos chakras et am\u00e9liorer la circulation \u00e9nerg\u00e9tique.<\/p><p>\u00a0<\/p><p><strong>Compl\u00e9mentarit\u00e9 avec les soins m\u00e9dicaux :<\/strong><\/p><p>Le magn\u00e9tisme est un compl\u00e9ment aux soins m\u00e9dicaux, mais il ne remplace pas un avis m\u00e9dical.<\/p><p>\u00a0<\/p><p>Pr\u00eat(e) pour une s\u00e9ance revitalisante ? R\u00e9servez votre moment de bien-\u00eatre et d&rsquo;harmonisation !<\/p><h3>\u00a0<\/h3><div><h4 style=\"font-family: Mulish, sans-serif; color: #0c0c00;\"><span style=\"font-weight: bold;\">Modalit\u00e9s de S\u00e9ance<\/span><\/h4><p>Je propose ces s\u00e9ances en pr\u00e9sentiel ou en ligne.\u00a0<\/p><p>Chaque format est efficace pour vous accompagner dans votre voyage int\u00e9rieur.<\/p><\/div>\t\t\t\t\t\t\t\t<\/div>\n\t\t\t\t<\/div>\n\t\t\t\t<div class=\"elementor-element elementor-element-8877d28 elementor-widget elementor-widget-image\" data-id=\"8877d28\" data-element_type=\"widget\" data-e-type=\"widget\" data-widget_type=\"image.default\">\n\t\t\t\t<div class=\"elementor-widget-container\">\n\t\t\t\t\t\t\t\t\t\t\t\t\t\t\t<img decoding=\"async\" width=\"800\" height=\"535\" src=\"https:\/\/i0.wp.com\/eveildutemps.fr\/wp-content\/uploads\/2024\/06\/mettre-dernier-caillou-tas-pierres-scaled.jpg?fit=800%2C535&amp;ssl=1\" class=\"attachment-large size-large wp-image-3233\" alt=\"S\u00e9ance individuelle magnetisme \u00e9chirolles Grenoble\" srcset=\"https:\/\/i0.wp.com\/eveildutemps.fr\/wp-content\/uploads\/2024\/06\/mettre-dernier-caillou-tas-pierres-scaled.jpg?w=2560&amp;ssl=1 2560w, https:\/\/i0.wp.com\/eveildutemps.fr\/wp-content\/uploads\/2024\/06\/mettre-dernier-caillou-tas-pierres-scaled.jpg?resize=300%2C201&amp;ssl=1 300w, https:\/\/i0.wp.com\/eveildutemps.fr\/wp-content\/uploads\/2024\/06\/mettre-dernier-caillou-tas-pierres-scaled.jpg?resize=1024%2C685&amp;ssl=1 1024w, https:\/\/i0.wp.com\/eveildutemps.fr\/wp-content\/uploads\/2024\/06\/mettre-dernier-caillou-tas-pierres-scaled.jpg?resize=768%2C514&amp;ssl=1 768w, https:\/\/i0.wp.com\/eveildutemps.fr\/wp-content\/uploads\/2024\/06\/mettre-dernier-caillou-tas-pierres-scaled.jpg?resize=1536%2C1028&amp;ssl=1 1536w, https:\/\/i0.wp.com\/eveildutemps.fr\/wp-content\/uploads\/2024\/06\/mettre-dernier-caillou-tas-pierres-scaled.jpg?resize=2048%2C1371&amp;ssl=1 2048w, https:\/\/i0.wp.com\/eveildutemps.fr\/wp-content\/uploads\/2024\/06\/mettre-dernier-caillou-tas-pierres-scaled.jpg?w=1600&amp;ssl=1 1600w, https:\/\/i0.wp.com\/eveildutemps.fr\/wp-content\/uploads\/2024\/06\/mettre-dernier-caillou-tas-pierres-scaled.jpg?w=2400&amp;ssl=1 2400w\" sizes=\"(max-width: 800px) 100vw, 800px\" \/>\t\t\t\t\t\t\t\t\t\t\t\t\t\t\t<\/div>\n\t\t\t\t<\/div>\n\t\t\t\t\t<\/div>\n\t\t<\/div>\n\t\t\t\t\t<\/div>\n\t\t<\/section>\n\t\t\t\t<section class=\"elementor-section elementor-top-section elementor-element elementor-element-90548b4 elementor-section-boxed elementor-section-height-default elementor-section-height-default\" data-id=\"90548b4\" data-element_type=\"section\" data-e-type=\"section\">\n\t\t\t\t\t\t<div class=\"elementor-container elementor-column-gap-default\">\n\t\t\t\t\t<div class=\"elementor-column elementor-col-100 elementor-top-column elementor-element elementor-element-a4a8a0e\" data-id=\"a4a8a0e\" data-element_type=\"column\" data-e-type=\"column\">\n\t\t\t<div class=\"elementor-widget-wrap elementor-element-populated\">\n\t\t\t\t\t\t<div class=\"elementor-element elementor-element-cfceddd elementor-widget elementor-widget-heading\" data-id=\"cfceddd\" data-element_type=\"widget\" data-e-type=\"widget\" data-widget_type=\"heading.default\">\n\t\t\t\t<div class=\"elementor-widget-container\">\n\t\t\t\t\t<h2 class=\"elementor-heading-title elementor-size-default\">T\u00e9moignages<\/h2>\t\t\t\t<\/div>\n\t\t\t\t<\/div>\n\t\t\t\t<div class=\"elementor-element elementor-element-4f32a93 elementor-widget elementor-widget-shortcode\" data-id=\"4f32a93\" data-element_type=\"widget\" data-e-type=\"widget\" data-widget_type=\"shortcode.default\">\n\t\t\t\t<div class=\"elementor-widget-container\">\n\t\t\t\t\t\t\t<div class=\"elementor-shortcode\"><\/div>\n\t\t\t\t\t\t<\/div>\n\t\t\t\t<\/div>\n\t\t\t\t<div class=\"elementor-element elementor-element-77866de elementor-align-center e-transform elementor-widget elementor-widget-button\" data-id=\"77866de\" data-element_type=\"widget\" data-e-type=\"widget\" data-settings=\"{&quot;_animation&quot;:&quot;none&quot;,&quot;_transform_scale_effect_hover&quot;:{&quot;unit&quot;:&quot;px&quot;,&quot;size&quot;:0.9,&quot;sizes&quot;:[]},&quot;_transform_scale_effect_hover_tablet&quot;:{&quot;unit&quot;:&quot;px&quot;,&quot;size&quot;:&quot;&quot;,&quot;sizes&quot;:[]},&quot;_transform_scale_effect_hover_mobile&quot;:{&quot;unit&quot;:&quot;px&quot;,&quot;size&quot;:&quot;&quot;,&quot;sizes&quot;:[]}}\" data-widget_type=\"button.default\">\n\t\t\t\t<div class=\"elementor-widget-container\">\n\t\t\t\t\t\t\t\t\t<div class=\"elementor-button-wrapper\">\n\t\t\t\t\t<a class=\"elementor-button elementor-button-link elementor-size-sm\" href=\"https:\/\/eveildutemps.fr\/index.php\/appel-ou-rdv\/\">\n\t\t\t\t\t\t<span class=\"elementor-button-content-wrapper\">\n\t\t\t\t\t\t\t\t\t<span class=\"elementor-button-text\">B\u00e9n\u00e9ficiez d'un appel offert pour vous renseigner<\/span>\n\t\t\t\t\t<\/span>\n\t\t\t\t\t<\/a>\n\t\t\t\t<\/div>\n\t\t\t\t\t\t\t\t<\/div>\n\t\t\t\t<\/div>\n\t\t\t\t\t<\/div>\n\t\t<\/div>\n\t\t\t\t\t<\/div>\n\t\t<\/section>\n\t\t\t\t<\/div>\n\t\t","protected":false},"excerpt":{"rendered":"<p>S\u00e9ances de Magn\u00e9tisme et Soins \u00c9nerg\u00e9tiques Grenoble Echirolles Qu\u2019est-ce que c\u2019est ? Les s\u00e9ances de magn\u00e9tisme et de soins \u00e9nerg\u00e9tiques visent \u00e0 harmoniser vos chakras et \u00e0 am\u00e9liorer la circulation de votre \u00e9nergie vitale. \u00a0 D\u00e9roulement d&rsquo;une s\u00e9ance : Entretien Initial :\u00a0 Nous commen\u00e7ons par un moment d&rsquo;\u00e9change pour comprendre vos besoins sp\u00e9cifiques. \u00a0 Pr\u00e9paration [&hellip;]<\/p>\n","protected":false},"author":1,"featured_media":0,"parent":0,"menu_order":0,"comment_status":"closed","ping_status":"closed","template":"elementor_header_footer","meta":{"footnotes":""},"class_list":["post-3308","page","type-page","status-publish","hentry"],"yoast_head":"<!-- This site is optimized with the Yoast SEO plugin v27.3 - https:\/\/yoast.com\/product\/yoast-seo-wordpress\/ -->\n<title>Magnetisme ~ Eveildutemps<\/title>\n<meta name=\"robots\" content=\"index, follow, max-snippet:-1, max-image-preview:large, max-video-preview:-1\" \/>\n<link rel=\"canonical\" href=\"https:\/\/eveildutemps.fr\/index.php\/magnetisme-grenoble-2\/\" \/>\n<meta property=\"og:locale\" content=\"fr_FR\" \/>\n<meta property=\"og:type\" content=\"article\" \/>\n<meta property=\"og:title\" content=\"Magnetisme ~ Eveildutemps\" \/>\n<meta property=\"og:description\" content=\"S\u00e9ances de Magn\u00e9tisme et Soins \u00c9nerg\u00e9tiques Grenoble Echirolles Qu\u2019est-ce que c\u2019est ? Les s\u00e9ances de magn\u00e9tisme et de soins \u00e9nerg\u00e9tiques visent \u00e0 harmoniser vos chakras et \u00e0 am\u00e9liorer la circulation de votre \u00e9nergie vitale. \u00a0 D\u00e9roulement d&rsquo;une s\u00e9ance : Entretien Initial :\u00a0 Nous commen\u00e7ons par un moment d&rsquo;\u00e9change pour comprendre vos besoins sp\u00e9cifiques. \u00a0 Pr\u00e9paration [&hellip;]\" \/>\n<meta property=\"og:url\" content=\"https:\/\/eveildutemps.fr\/index.php\/magnetisme-grenoble-2\/\" \/>\n<meta property=\"og:site_name\" content=\"Eveildutemps\" \/>\n<meta property=\"article:publisher\" content=\"https:\/\/www.facebook.com\/Eveildutemps\/?ref=pages_you_manage\" \/>\n<meta property=\"article:modified_time\" content=\"2024-06-30T09:11:56+00:00\" \/>\n<meta property=\"og:image\" content=\"https:\/\/eveildutemps.fr\/wp-content\/uploads\/2024\/06\/fond-pierre-zen-minimaliste-512x1024.jpg\" \/>\n<meta name=\"twitter:card\" content=\"summary_large_image\" \/>\n<meta name=\"twitter:label1\" content=\"Dur\u00e9e de lecture estim\u00e9e\" \/>\n\t<meta name=\"twitter:data1\" content=\"3 minutes\" \/>\n<script type=\"application\/ld+json\" class=\"yoast-schema-graph\">{\"@context\":\"https:\\\/\\\/schema.org\",\"@graph\":[{\"@type\":\"WebPage\",\"@id\":\"https:\\\/\\\/eveildutemps.fr\\\/index.php\\\/magnetisme-grenoble-2\\\/\",\"url\":\"https:\\\/\\\/eveildutemps.fr\\\/index.php\\\/magnetisme-grenoble-2\\\/\",\"name\":\"Magnetisme ~ Eveildutemps\",\"isPartOf\":{\"@id\":\"https:\\\/\\\/eveildutemps.fr\\\/#website\"},\"primaryImageOfPage\":{\"@id\":\"https:\\\/\\\/eveildutemps.fr\\\/index.php\\\/magnetisme-grenoble-2\\\/#primaryimage\"},\"image\":{\"@id\":\"https:\\\/\\\/eveildutemps.fr\\\/index.php\\\/magnetisme-grenoble-2\\\/#primaryimage\"},\"thumbnailUrl\":\"https:\\\/\\\/eveildutemps.fr\\\/wp-content\\\/uploads\\\/2024\\\/06\\\/fond-pierre-zen-minimaliste-512x1024.jpg\",\"datePublished\":\"2024-06-30T08:54:50+00:00\",\"dateModified\":\"2024-06-30T09:11:56+00:00\",\"breadcrumb\":{\"@id\":\"https:\\\/\\\/eveildutemps.fr\\\/index.php\\\/magnetisme-grenoble-2\\\/#breadcrumb\"},\"inLanguage\":\"fr-FR\",\"potentialAction\":[{\"@type\":\"ReadAction\",\"target\":[\"https:\\\/\\\/eveildutemps.fr\\\/index.php\\\/magnetisme-grenoble-2\\\/\"]}]},{\"@type\":\"ImageObject\",\"inLanguage\":\"fr-FR\",\"@id\":\"https:\\\/\\\/eveildutemps.fr\\\/index.php\\\/magnetisme-grenoble-2\\\/#primaryimage\",\"url\":\"https:\\\/\\\/i0.wp.com\\\/eveildutemps.fr\\\/wp-content\\\/uploads\\\/2024\\\/06\\\/fond-pierre-zen-minimaliste-scaled.jpg?fit=1280%2C2560&ssl=1\",\"contentUrl\":\"https:\\\/\\\/i0.wp.com\\\/eveildutemps.fr\\\/wp-content\\\/uploads\\\/2024\\\/06\\\/fond-pierre-zen-minimaliste-scaled.jpg?fit=1280%2C2560&ssl=1\",\"width\":1280,\"height\":2560,\"caption\":\"S\u00e9ance individuelle magnetisme en ligne ou pr\u00e9sentiel\"},{\"@type\":\"BreadcrumbList\",\"@id\":\"https:\\\/\\\/eveildutemps.fr\\\/index.php\\\/magnetisme-grenoble-2\\\/#breadcrumb\",\"itemListElement\":[{\"@type\":\"ListItem\",\"position\":1,\"name\":\"Accueil\",\"item\":\"https:\\\/\\\/eveildutemps.fr\\\/\"},{\"@type\":\"ListItem\",\"position\":2,\"name\":\"Magnetisme\"}]},{\"@type\":\"WebSite\",\"@id\":\"https:\\\/\\\/eveildutemps.fr\\\/#website\",\"url\":\"https:\\\/\\\/eveildutemps.fr\\\/\",\"name\":\"Eveildutemps\",\"description\":\"Fr\u00e9d\u00e9ric Girard Magn\u00e9tiseur Th\u00e9rapeute Echirolles Grenoble\",\"publisher\":{\"@id\":\"https:\\\/\\\/eveildutemps.fr\\\/#\\\/schema\\\/person\\\/862f60b7e29f5f40e20ade2e675e22fd\"},\"alternateName\":\"Fr\u00e9d\u00e9ric Girard\",\"potentialAction\":[{\"@type\":\"SearchAction\",\"target\":{\"@type\":\"EntryPoint\",\"urlTemplate\":\"https:\\\/\\\/eveildutemps.fr\\\/?s={search_term_string}\"},\"query-input\":{\"@type\":\"PropertyValueSpecification\",\"valueRequired\":true,\"valueName\":\"search_term_string\"}}],\"inLanguage\":\"fr-FR\"},{\"@type\":[\"Person\",\"Organization\"],\"@id\":\"https:\\\/\\\/eveildutemps.fr\\\/#\\\/schema\\\/person\\\/862f60b7e29f5f40e20ade2e675e22fd\",\"name\":\"adminEveil\",\"image\":{\"@type\":\"ImageObject\",\"inLanguage\":\"fr-FR\",\"@id\":\"https:\\\/\\\/i0.wp.com\\\/eveildutemps.fr\\\/wp-content\\\/uploads\\\/2022\\\/07\\\/Frederic-Girard-fb.png?fit=613%2C570&ssl=1\",\"url\":\"https:\\\/\\\/i0.wp.com\\\/eveildutemps.fr\\\/wp-content\\\/uploads\\\/2022\\\/07\\\/Frederic-Girard-fb.png?fit=613%2C570&ssl=1\",\"contentUrl\":\"https:\\\/\\\/i0.wp.com\\\/eveildutemps.fr\\\/wp-content\\\/uploads\\\/2022\\\/07\\\/Frederic-Girard-fb.png?fit=613%2C570&ssl=1\",\"width\":613,\"height\":570,\"caption\":\"adminEveil\"},\"logo\":{\"@id\":\"https:\\\/\\\/i0.wp.com\\\/eveildutemps.fr\\\/wp-content\\\/uploads\\\/2022\\\/07\\\/Frederic-Girard-fb.png?fit=613%2C570&ssl=1\"},\"description\":\"Magn\u00e9tiseur Th\u00e9rapeute Grenoble ou \u00e0 distance\",\"sameAs\":[\"http:\\\/\\\/eveildutemps.fr\",\"https:\\\/\\\/www.facebook.com\\\/Eveildutemps\\\/?ref=pages_you_manage\",\"https:\\\/\\\/www.instagram.com\\\/therapeuthe_medicentre\\\/?hl=fr\"]}]}<\/script>\n<!-- \/ Yoast SEO plugin. -->","yoast_head_json":{"title":"Magnetisme ~ Eveildutemps","robots":{"index":"index","follow":"follow","max-snippet":"max-snippet:-1","max-image-preview":"max-image-preview:large","max-video-preview":"max-video-preview:-1"},"canonical":"https:\/\/eveildutemps.fr\/index.php\/magnetisme-grenoble-2\/","og_locale":"fr_FR","og_type":"article","og_title":"Magnetisme ~ Eveildutemps","og_description":"S\u00e9ances de Magn\u00e9tisme et Soins \u00c9nerg\u00e9tiques Grenoble Echirolles Qu\u2019est-ce que c\u2019est ? Les s\u00e9ances de magn\u00e9tisme et de soins \u00e9nerg\u00e9tiques visent \u00e0 harmoniser vos chakras et \u00e0 am\u00e9liorer la circulation de votre \u00e9nergie vitale. \u00a0 D\u00e9roulement d&rsquo;une s\u00e9ance : Entretien Initial :\u00a0 Nous commen\u00e7ons par un moment d&rsquo;\u00e9change pour comprendre vos besoins sp\u00e9cifiques. \u00a0 Pr\u00e9paration [&hellip;]","og_url":"https:\/\/eveildutemps.fr\/index.php\/magnetisme-grenoble-2\/","og_site_name":"Eveildutemps","article_publisher":"https:\/\/www.facebook.com\/Eveildutemps\/?ref=pages_you_manage","article_modified_time":"2024-06-30T09:11:56+00:00","og_image":[{"url":"https:\/\/eveildutemps.fr\/wp-content\/uploads\/2024\/06\/fond-pierre-zen-minimaliste-512x1024.jpg","type":"","width":"","height":""}],"twitter_card":"summary_large_image","twitter_misc":{"Dur\u00e9e de lecture estim\u00e9e":"3 minutes"},"schema":{"@context":"https:\/\/schema.org","@graph":[{"@type":"WebPage","@id":"https:\/\/eveildutemps.fr\/index.php\/magnetisme-grenoble-2\/","url":"https:\/\/eveildutemps.fr\/index.php\/magnetisme-grenoble-2\/","name":"Magnetisme ~ Eveildutemps","isPartOf":{"@id":"https:\/\/eveildutemps.fr\/#website"},"primaryImageOfPage":{"@id":"https:\/\/eveildutemps.fr\/index.php\/magnetisme-grenoble-2\/#primaryimage"},"image":{"@id":"https:\/\/eveildutemps.fr\/index.php\/magnetisme-grenoble-2\/#primaryimage"},"thumbnailUrl":"https:\/\/eveildutemps.fr\/wp-content\/uploads\/2024\/06\/fond-pierre-zen-minimaliste-512x1024.jpg","datePublished":"2024-06-30T08:54:50+00:00","dateModified":"2024-06-30T09:11:56+00:00","breadcrumb":{"@id":"https:\/\/eveildutemps.fr\/index.php\/magnetisme-grenoble-2\/#breadcrumb"},"inLanguage":"fr-FR","potentialAction":[{"@type":"ReadAction","target":["https:\/\/eveildutemps.fr\/index.php\/magnetisme-grenoble-2\/"]}]},{"@type":"ImageObject","inLanguage":"fr-FR","@id":"https:\/\/eveildutemps.fr\/index.php\/magnetisme-grenoble-2\/#primaryimage","url":"https:\/\/i0.wp.com\/eveildutemps.fr\/wp-content\/uploads\/2024\/06\/fond-pierre-zen-minimaliste-scaled.jpg?fit=1280%2C2560&ssl=1","contentUrl":"https:\/\/i0.wp.com\/eveildutemps.fr\/wp-content\/uploads\/2024\/06\/fond-pierre-zen-minimaliste-scaled.jpg?fit=1280%2C2560&ssl=1","width":1280,"height":2560,"caption":"S\u00e9ance individuelle magnetisme en ligne ou pr\u00e9sentiel"},{"@type":"BreadcrumbList","@id":"https:\/\/eveildutemps.fr\/index.php\/magnetisme-grenoble-2\/#breadcrumb","itemListElement":[{"@type":"ListItem","position":1,"name":"Accueil","item":"https:\/\/eveildutemps.fr\/"},{"@type":"ListItem","position":2,"name":"Magnetisme"}]},{"@type":"WebSite","@id":"https:\/\/eveildutemps.fr\/#website","url":"https:\/\/eveildutemps.fr\/","name":"Eveildutemps","description":"Fr\u00e9d\u00e9ric Girard Magn\u00e9tiseur Th\u00e9rapeute Echirolles Grenoble","publisher":{"@id":"https:\/\/eveildutemps.fr\/#\/schema\/person\/862f60b7e29f5f40e20ade2e675e22fd"},"alternateName":"Fr\u00e9d\u00e9ric Girard","potentialAction":[{"@type":"SearchAction","target":{"@type":"EntryPoint","urlTemplate":"https:\/\/eveildutemps.fr\/?s={search_term_string}"},"query-input":{"@type":"PropertyValueSpecification","valueRequired":true,"valueName":"search_term_string"}}],"inLanguage":"fr-FR"},{"@type":["Person","Organization"],"@id":"https:\/\/eveildutemps.fr\/#\/schema\/person\/862f60b7e29f5f40e20ade2e675e22fd","name":"adminEveil","image":{"@type":"ImageObject","inLanguage":"fr-FR","@id":"https:\/\/i0.wp.com\/eveildutemps.fr\/wp-content\/uploads\/2022\/07\/Frederic-Girard-fb.png?fit=613%2C570&ssl=1","url":"https:\/\/i0.wp.com\/eveildutemps.fr\/wp-content\/uploads\/2022\/07\/Frederic-Girard-fb.png?fit=613%2C570&ssl=1","contentUrl":"https:\/\/i0.wp.com\/eveildutemps.fr\/wp-content\/uploads\/2022\/07\/Frederic-Girard-fb.png?fit=613%2C570&ssl=1","width":613,"height":570,"caption":"adminEveil"},"logo":{"@id":"https:\/\/i0.wp.com\/eveildutemps.fr\/wp-content\/uploads\/2022\/07\/Frederic-Girard-fb.png?fit=613%2C570&ssl=1"},"description":"Magn\u00e9tiseur Th\u00e9rapeute Grenoble ou \u00e0 distance","sameAs":["http:\/\/eveildutemps.fr","https:\/\/www.facebook.com\/Eveildutemps\/?ref=pages_you_manage","https:\/\/www.instagram.com\/therapeuthe_medicentre\/?hl=fr"]}]}},"jetpack_sharing_enabled":true,"_links":{"self":[{"href":"https:\/\/eveildutemps.fr\/index.php\/wp-json\/wp\/v2\/pages\/3308","targetHints":{"allow":["GET"]}}],"collection":[{"href":"https:\/\/eveildutemps.fr\/index.php\/wp-json\/wp\/v2\/pages"}],"about":[{"href":"https:\/\/eveildutemps.fr\/index.php\/wp-json\/wp\/v2\/types\/page"}],"author":[{"embeddable":true,"href":"https:\/\/eveildutemps.fr\/index.php\/wp-json\/wp\/v2\/users\/1"}],"replies":[{"embeddable":true,"href":"https:\/\/eveildutemps.fr\/index.php\/wp-json\/wp\/v2\/comments?post=3308"}],"version-history":[{"count":0,"href":"https:\/\/eveildutemps.fr\/index.php\/wp-json\/wp\/v2\/pages\/3308\/revisions"}],"wp:attachment":[{"href":"https:\/\/eveildutemps.fr\/index.php\/wp-json\/wp\/v2\/media?parent=3308"}],"curies":[{"name":"wp","href":"https:\/\/api.w.org\/{rel}","templated":true}]}}